{"id":525,"date":"2016-02-03T13:44:11","date_gmt":"2016-02-03T12:44:11","guid":{"rendered":"http:\/\/localhost\/?page_id=525"},"modified":"2024-04-27T14:52:23","modified_gmt":"2024-04-27T13:52:23","slug":"lepkovi","status":"publish","type":"page","link":"https:\/\/sagadrvo.rs\/index.php\/lepkovi\/","title":{"rendered":"LEPKOVI"},"content":{"rendered":"<div id=\"pl-525\"  class=\"panel-layout\" ><div id=\"pg-525-0\"  class=\"panel-grid panel-no-style\" ><div id=\"pgc-525-0-0\"  class=\"panel-grid-cell\" ><div id=\"panel-525-0-0-0\" class=\"so-panel widget widget_black-studio-tinymce widget_black_studio_tinymce panel-first-child panel-last-child\" data-index=\"0\" ><div class=\"textwidget\"><h5 style=\"text-align: center;\"><strong>PACOLIT<\/strong><\/h5>\n<h5 style=\"text-align: center;\"><img class=\"aligncenter wp-image-881 size-full\" src=\"http:\/\/sagadrvo.rs\/wp-content\/uploads\/2016\/02\/Pacolit.jpg\" alt=\"\" width=\"300\" height=\"250\"><\/h5>\n<h6 style=\"text-align: justify;\"><strong>Proizvod:<\/strong> jednokomponentni lepak na vodenoj bazi<strong><br \/>\n<\/strong><\/h6>\n<h6 style=\"text-align: justify;\"><strong>Upotreba:<\/strong> za parket do dimenzije 350 \u00d7 62 mm<\/h6>\n<h6 style=\"text-align: justify;\"><strong>Potro\u0161nja:<\/strong> 1,2 - 2,0 kg\/m\u00b2<\/h6>\n<h6 style=\"text-align: justify;\"><strong>Pakovanje:<\/strong> 25 kg<strong><br \/>\n<\/strong><\/h6>\n<\/div><\/div><\/div><div id=\"pgc-525-0-1\"  class=\"panel-grid-cell\" ><div id=\"panel-525-0-1-0\" class=\"so-panel widget widget_black-studio-tinymce widget_black_studio_tinymce panel-first-child panel-last-child\" data-index=\"1\" ><div class=\"textwidget\"><h5 style=\"text-align: center;\"><strong>PACOLIT - S<\/strong><\/h5>\n<h5 style=\"text-align: center;\"><img class=\"aligncenter wp-image-879 size-full\" src=\"http:\/\/sagadrvo.rs\/wp-content\/uploads\/2016\/02\/Pacolit-S.jpg\" alt=\"Pacolit-S\" width=\"300\" height=\"250\"><\/h5>\n<h6 style=\"text-align: justify;\"><strong>Proizvod:<\/strong> oja\u010dan jednokomponentni lepak na vodenoj bazi<strong><br \/>\n<\/strong><\/h6>\n<h6 style=\"text-align: justify;\"><strong>Upotreba:<\/strong> za parket do dimenzije 400 \u00d7 62 mm<\/h6>\n<h6 style=\"text-align: justify;\"><strong>Potro\u0161nja:<\/strong> 1,2 - 2,0 kg\/m\u00b2<\/h6>\n<h6 style=\"text-align: justify;\"><strong>Pakovanje:<\/strong> 25 kg<strong><br \/>\n<\/strong><\/h6>\n<\/div><\/div><\/div><div id=\"pgc-525-0-2\"  class=\"panel-grid-cell\" ><div id=\"panel-525-0-2-0\" class=\"so-panel widget widget_black-studio-tinymce widget_black_studio_tinymce panel-first-child panel-last-child\" data-index=\"2\" ><div class=\"textwidget\"><h5 style=\"text-align: center;\"><strong>PACOLIT - PU<\/strong><\/h5>\n<h5 style=\"text-align: center;\"><img class=\"aligncenter wp-image-880 size-full\" src=\"http:\/\/sagadrvo.rs\/wp-content\/uploads\/2016\/02\/Pacolit-PU.jpg\" alt=\"Pacolit-PU\" width=\"300\" height=\"250\"><\/h5>\n<h6 style=\"text-align: justify;\"><strong>Proizvod:<\/strong>&nbsp;dvokomponentni poliuretanski lepak<\/h6>\n<h6 style=\"text-align: justify;\"><strong>Upotreba: <\/strong>za parket od 500 \u00d7 62 mm i ve\u0107i<\/h6>\n<h6 style=\"text-align: justify; padding-left: 60px;\">&nbsp;&nbsp; za brodski pod do \u0161irine 120 mm<\/h6>\n<h6 style=\"text-align: justify;\"><strong>Potro\u0161nja:<\/strong> 1,2 - 2,0 kg\/m\u00b2<\/h6>\n<h6 style=\"text-align: justify;\"><strong>Pakovanje:<\/strong> 7 kg<strong><br \/>\n<\/strong><\/h6>\n<\/div><\/div><\/div><\/div><div id=\"pg-525-1\"  class=\"panel-grid panel-no-style\" ><div id=\"pgc-525-1-0\"  class=\"panel-grid-cell\" ><div id=\"panel-525-1-0-0\" class=\"so-panel widget widget_black-studio-tinymce widget_black_studio_tinymce panel-first-child panel-last-child\" data-index=\"3\" ><div class=\"textwidget\"><h5 style=\"text-align: center;\"><strong>UZIN MK 92 S<\/strong><\/h5>\n<h5 style=\"text-align: center;\"><img class=\"aligncenter wp-image-876 size-full\" src=\"http:\/\/sagadrvo.rs\/wp-content\/uploads\/2016\/02\/Uzin-MK-92.jpg\" alt=\"Uzin-MK-92\" width=\"300\" height=\"250\"><\/h5>\n<h6 style=\"text-align: justify;\"><strong>Proizvod:<\/strong> dvokomponentni poliuretanski lepak<strong><br \/>\n<\/strong><\/h6>\n<h6 style=\"text-align: justify;\"><strong>Upotreba:<\/strong> za brodski pod u \u0161irini 140\/160 mm<\/h6>\n<h6 style=\"text-align: justify;\"><strong>Potro\u0161nja:<\/strong> 1,2 - 2,0 kg\/m\u00b2<\/h6>\n<h6 style=\"text-align: justify;\"><strong>Pakovanje:<\/strong> 6 kg<strong><br \/>\n<\/strong><\/h6>\n<\/div><\/div><\/div><div id=\"pgc-525-1-1\"  class=\"panel-grid-cell\" ><div id=\"panel-525-1-1-0\" class=\"so-panel widget widget_black-studio-tinymce widget_black_studio_tinymce panel-first-child panel-last-child\" data-index=\"4\" ><div class=\"textwidget\"><h5 style=\"text-align: center;\"><strong>SIKABOND - AT80<\/strong><\/h5>\n<h5 style=\"text-align: center;\"><img class=\"aligncenter wp-image-1747 size-full\" src=\"http:\/\/sagadrvo.rs\/wp-content\/uploads\/2016\/02\/Sika-Bond-AT-80.jpg\" alt=\"\" width=\"300\" height=\"250\"><\/h5>\n<h6 style=\"text-align: justify;\">Proizvod<strong>:<\/strong>&nbsp;jednokomponentni poliuretanski lepak<strong><br \/>\n<\/strong><\/h6>\n<h6 style=\"text-align: justify;\"><strong>Upotreba:<\/strong> za brodski pod u \u0161irini 100&nbsp;- 160 mm<\/h6>\n<h6 style=\"text-align: justify;\"><strong>Potro\u0161nja:<\/strong>&nbsp;0,8 - 1,3 kg\/m\u00b2<\/h6>\n<h6 style=\"text-align: justify;\"><strong>Pakovanje:<\/strong> 17 kg<strong><br \/>\n<\/strong><\/h6>\n<\/div><\/div><\/div><div id=\"pgc-525-1-2\"  class=\"panel-grid-cell\" ><div id=\"panel-525-1-2-0\" class=\"so-panel widget widget_black-studio-tinymce widget_black_studio_tinymce panel-first-child panel-last-child\" data-index=\"5\" ><div class=\"textwidget\"><h5 style=\"text-align: center;\"><strong>SIKABOND - 54 PARQUET<\/strong><\/h5>\n<h5 style=\"text-align: center;\"><img class=\"aligncenter wp-image-884 size-full\" src=\"http:\/\/sagadrvo.rs\/wp-content\/uploads\/2016\/02\/SikaBond-54-Parquet.jpg\" alt=\"SikaBond 54 Parquet\" width=\"300\" height=\"250\"><\/h5>\n<h6 style=\"text-align: justify;\"><strong>Proizvod:<\/strong> jednokomponentni poliuretanski lepak<strong><br \/>\n<\/strong><\/h6>\n<h6 style=\"text-align: justify;\"><strong>Upotreba:<\/strong> za brodski pod u \u0161irini 180\/200 mm<\/h6>\n<h6 style=\"text-align: justify;\"><strong>Potro\u0161nja:<\/strong> 1,2 - 2,0 kg\/m\u00b2<\/h6>\n<h6 style=\"text-align: justify;\"><strong>Pakovanje:<\/strong> 13 kg<strong><br \/>\n<\/strong><\/h6>\n<\/div><\/div><\/div><\/div><div id=\"pg-525-2\"  class=\"panel-grid panel-no-style\" ><div id=\"pgc-525-2-0\"  class=\"panel-grid-cell\" ><div id=\"panel-525-2-0-0\" class=\"so-panel widget widget_black-studio-tinymce widget_black_studio_tinymce panel-first-child panel-last-child\" data-index=\"6\" ><div class=\"textwidget\"><h5 style=\"text-align: center;\"><strong>UZIN PE 414 TURBO<\/strong><\/h5>\n<h5 style=\"text-align: center;\"><img class=\"aligncenter wp-image-932 size-full\" src=\"http:\/\/sagadrvo.rs\/wp-content\/uploads\/2016\/02\/Uzin-PE-414-turbo.jpg\" alt=\"Uzin PE 414 turbo\" width=\"300\" height=\"250\"><\/h5>\n<h6 style=\"text-align: justify;\"><strong>Proizvod:<\/strong> jednokomponentni poliuretanski prajmer<strong><br \/>\n<\/strong><\/h6>\n<h6 style=\"text-align: justify;\"><strong>Upotreba:<\/strong> (ne)upijaju\u0107e podloge pre nano\u0161enja lepka<\/h6>\n<h6 style=\"text-align: justify;\"><strong>Potro\u0161nja:<\/strong> 50 - 200 g\/m\u00b2<\/h6>\n<h6 style=\"text-align: justify;\"><strong>Pakovanje:<\/strong> 6 kg, 12 kg<\/h6>\n<\/div><\/div><\/div><div id=\"pgc-525-2-1\"  class=\"panel-grid-cell panel-grid-cell-mobile-last\" ><div id=\"panel-525-2-1-0\" class=\"so-panel widget widget_black-studio-tinymce widget_black_studio_tinymce panel-first-child panel-last-child\" data-index=\"7\" ><div class=\"textwidget\"><h5 style=\"text-align: center;\"><strong>SIKA PRIMER MB<\/strong><\/h5>\n<h5 style=\"text-align: center;\"><img class=\"aligncenter wp-image-1749 size-full\" src=\"http:\/\/sagadrvo.rs\/wp-content\/uploads\/2016\/02\/Sika-Primer-MB-3.jpg\" alt=\"\" width=\"300\" height=\"250\"><\/h5>\n<h6 style=\"text-align: justify;\"><strong>Proizvod:<\/strong>&nbsp;dvokomponentni&nbsp;epoksidni prajmer<strong><br \/>\n<\/strong><\/h6>\n<h6><strong>Upotreba<\/strong>:&nbsp;(ne)upijaju\u0107e podloge pre nano\u0161enja lepka<\/h6>\n<h6 style=\"text-align: justify;\"><strong>Potro\u0161nja:<\/strong>&nbsp;400 - 600 g\/m\u00b2<\/h6>\n<h6 style=\"text-align: justify;\"><strong>Pakovanje: 10 kg<\/strong><\/h6>\n<\/div><\/div><\/div><div id=\"pgc-525-2-2\"  class=\"panel-grid-cell panel-grid-cell-empty\" ><\/div><\/div><\/div>","protected":false},"excerpt":{"rendered":"<p>PACOLIT Proizvod: jednokomponentni lepak na vodenoj bazi Upotreba: za parket do dimenzije 350 \u00d7 62 mm Potro\u0161nja: 1,2 &#8211; 2,0 kg\/m\u00b2 Pakovanje: 25 kg PACOLIT &#8211; S Proizvod: oja\u010dan jednokomponentni lepak na vodenoj bazi Upotreba: za parket do dimenzije 400 \u00d7 62 mm Potro\u0161nja: 1,2 &#8211; 2,0 kg\/m\u00b2 Pakovanje: 25 kg PACOLIT &#8211; PU Proizvod:&nbsp;dvokomponentni&hellip;<\/p>\n","protected":false},"author":1,"featured_media":0,"parent":0,"menu_order":0,"comment_status":"closed","ping_status":"closed","template":"","meta":{"ngg_post_thumbnail":0,"footnotes":""},"yoast_head":"<!-- This site is optimized with the Yoast SEO plugin v21.4 - https:\/\/yoast.com\/wordpress\/plugins\/seo\/ -->\n<title>LEPKOVI &#8211; SAGA DRVO<\/title>\n<meta name=\"robots\" content=\"index, follow, max-snippet:-1, max-image-preview:large, max-video-preview:-1\" \/>\n<link rel=\"canonical\" href=\"https:\/\/sagadrvo.rs\/index.php\/lepkovi\/\" \/>\n<meta property=\"og:locale\" content=\"en_US\" \/>\n<meta property=\"og:type\" content=\"article\" \/>\n<meta property=\"og:title\" content=\"LEPKOVI &#8211; SAGA DRVO\" \/>\n<meta property=\"og:description\" content=\"PACOLIT Proizvod: jednokomponentni lepak na vodenoj bazi Upotreba: za parket do dimenzije 350 \u00d7 62 mm Potro\u0161nja: 1,2 - 2,0 kg\/m\u00b2 Pakovanje: 25 kg PACOLIT - S Proizvod: oja\u010dan jednokomponentni lepak na vodenoj bazi Upotreba: za parket do dimenzije 400 \u00d7 62 mm Potro\u0161nja: 1,2 - 2,0 kg\/m\u00b2 Pakovanje: 25 kg PACOLIT - PU Proizvod:&nbsp;dvokomponentni&hellip;\" \/>\n<meta property=\"og:url\" content=\"https:\/\/sagadrvo.rs\/index.php\/lepkovi\/\" \/>\n<meta property=\"og:site_name\" content=\"SAGA DRVO\" \/>\n<meta property=\"article:modified_time\" content=\"2024-04-27T13:52:23+00:00\" \/>\n<meta property=\"og:image\" content=\"http:\/\/sagadrvo.rs\/wp-content\/uploads\/2016\/02\/Pacolit.jpg\" \/>\n<meta name=\"twitter:card\" content=\"summary_large_image\" \/>\n<meta name=\"twitter:label1\" content=\"Est. reading time\" \/>\n\t<meta name=\"twitter:data1\" content=\"3 minutes\" \/>\n<script type=\"application\/ld+json\" class=\"yoast-schema-graph\">{\"@context\":\"https:\/\/schema.org\",\"@graph\":[{\"@type\":\"WebPage\",\"@id\":\"https:\/\/sagadrvo.rs\/index.php\/lepkovi\/\",\"url\":\"https:\/\/sagadrvo.rs\/index.php\/lepkovi\/\",\"name\":\"LEPKOVI &#8211; SAGA DRVO\",\"isPartOf\":{\"@id\":\"https:\/\/sagadrvo.rs\/#website\"},\"datePublished\":\"2016-02-03T12:44:11+00:00\",\"dateModified\":\"2024-04-27T13:52:23+00:00\",\"breadcrumb\":{\"@id\":\"https:\/\/sagadrvo.rs\/index.php\/lepkovi\/#breadcrumb\"},\"inLanguage\":\"en-US\",\"potentialAction\":[{\"@type\":\"ReadAction\",\"target\":[\"https:\/\/sagadrvo.rs\/index.php\/lepkovi\/\"]}]},{\"@type\":\"BreadcrumbList\",\"@id\":\"https:\/\/sagadrvo.rs\/index.php\/lepkovi\/#breadcrumb\",\"itemListElement\":[{\"@type\":\"ListItem\",\"position\":1,\"name\":\"Home\",\"item\":\"https:\/\/sagadrvo.rs\/\"},{\"@type\":\"ListItem\",\"position\":2,\"name\":\"LEPKOVI\"}]},{\"@type\":\"WebSite\",\"@id\":\"https:\/\/sagadrvo.rs\/#website\",\"url\":\"https:\/\/sagadrvo.rs\/\",\"name\":\"SAGA DRVO\",\"description\":\"Only solid hardwood flooring\",\"publisher\":{\"@id\":\"https:\/\/sagadrvo.rs\/#organization\"},\"potentialAction\":[{\"@type\":\"SearchAction\",\"target\":{\"@type\":\"EntryPoint\",\"urlTemplate\":\"https:\/\/sagadrvo.rs\/?s={search_term_string}\"},\"query-input\":\"required name=search_term_string\"}],\"inLanguage\":\"en-US\"},{\"@type\":\"Organization\",\"@id\":\"https:\/\/sagadrvo.rs\/#organization\",\"name\":\"Saga drvo d.o.o. Beograd\",\"url\":\"https:\/\/sagadrvo.rs\/\",\"logo\":{\"@type\":\"ImageObject\",\"inLanguage\":\"en-US\",\"@id\":\"https:\/\/sagadrvo.rs\/#\/schema\/logo\/image\/\",\"url\":\"https:\/\/sagadrvo.rs\/wp-content\/uploads\/2019\/12\/Logo-za-sajt-za-mobilni.png\",\"contentUrl\":\"https:\/\/sagadrvo.rs\/wp-content\/uploads\/2019\/12\/Logo-za-sajt-za-mobilni.png\",\"width\":33,\"height\":33,\"caption\":\"Saga drvo d.o.o. Beograd\"},\"image\":{\"@id\":\"https:\/\/sagadrvo.rs\/#\/schema\/logo\/image\/\"}}]}<\/script>\n<!-- \/ Yoast SEO plugin. -->","yoast_head_json":{"title":"LEPKOVI &#8211; SAGA DRVO","robots":{"index":"index","follow":"follow","max-snippet":"max-snippet:-1","max-image-preview":"max-image-preview:large","max-video-preview":"max-video-preview:-1"},"canonical":"https:\/\/sagadrvo.rs\/index.php\/lepkovi\/","og_locale":"en_US","og_type":"article","og_title":"LEPKOVI &#8211; SAGA DRVO","og_description":"PACOLIT Proizvod: jednokomponentni lepak na vodenoj bazi Upotreba: za parket do dimenzije 350 \u00d7 62 mm Potro\u0161nja: 1,2 - 2,0 kg\/m\u00b2 Pakovanje: 25 kg PACOLIT - S Proizvod: oja\u010dan jednokomponentni lepak na vodenoj bazi Upotreba: za parket do dimenzije 400 \u00d7 62 mm Potro\u0161nja: 1,2 - 2,0 kg\/m\u00b2 Pakovanje: 25 kg PACOLIT - PU Proizvod:&nbsp;dvokomponentni&hellip;","og_url":"https:\/\/sagadrvo.rs\/index.php\/lepkovi\/","og_site_name":"SAGA DRVO","article_modified_time":"2024-04-27T13:52:23+00:00","og_image":[{"url":"http:\/\/sagadrvo.rs\/wp-content\/uploads\/2016\/02\/Pacolit.jpg"}],"twitter_card":"summary_large_image","twitter_misc":{"Est. reading time":"3 minutes"},"schema":{"@context":"https:\/\/schema.org","@graph":[{"@type":"WebPage","@id":"https:\/\/sagadrvo.rs\/index.php\/lepkovi\/","url":"https:\/\/sagadrvo.rs\/index.php\/lepkovi\/","name":"LEPKOVI &#8211; SAGA DRVO","isPartOf":{"@id":"https:\/\/sagadrvo.rs\/#website"},"datePublished":"2016-02-03T12:44:11+00:00","dateModified":"2024-04-27T13:52:23+00:00","breadcrumb":{"@id":"https:\/\/sagadrvo.rs\/index.php\/lepkovi\/#breadcrumb"},"inLanguage":"en-US","potentialAction":[{"@type":"ReadAction","target":["https:\/\/sagadrvo.rs\/index.php\/lepkovi\/"]}]},{"@type":"BreadcrumbList","@id":"https:\/\/sagadrvo.rs\/index.php\/lepkovi\/#breadcrumb","itemListElement":[{"@type":"ListItem","position":1,"name":"Home","item":"https:\/\/sagadrvo.rs\/"},{"@type":"ListItem","position":2,"name":"LEPKOVI"}]},{"@type":"WebSite","@id":"https:\/\/sagadrvo.rs\/#website","url":"https:\/\/sagadrvo.rs\/","name":"SAGA DRVO","description":"Only solid hardwood flooring","publisher":{"@id":"https:\/\/sagadrvo.rs\/#organization"},"potentialAction":[{"@type":"SearchAction","target":{"@type":"EntryPoint","urlTemplate":"https:\/\/sagadrvo.rs\/?s={search_term_string}"},"query-input":"required name=search_term_string"}],"inLanguage":"en-US"},{"@type":"Organization","@id":"https:\/\/sagadrvo.rs\/#organization","name":"Saga drvo d.o.o. Beograd","url":"https:\/\/sagadrvo.rs\/","logo":{"@type":"ImageObject","inLanguage":"en-US","@id":"https:\/\/sagadrvo.rs\/#\/schema\/logo\/image\/","url":"https:\/\/sagadrvo.rs\/wp-content\/uploads\/2019\/12\/Logo-za-sajt-za-mobilni.png","contentUrl":"https:\/\/sagadrvo.rs\/wp-content\/uploads\/2019\/12\/Logo-za-sajt-za-mobilni.png","width":33,"height":33,"caption":"Saga drvo d.o.o. Beograd"},"image":{"@id":"https:\/\/sagadrvo.rs\/#\/schema\/logo\/image\/"}}]}},"_links":{"self":[{"href":"https:\/\/sagadrvo.rs\/index.php\/wp-json\/wp\/v2\/pages\/525"}],"collection":[{"href":"https:\/\/sagadrvo.rs\/index.php\/wp-json\/wp\/v2\/pages"}],"about":[{"href":"https:\/\/sagadrvo.rs\/index.php\/wp-json\/wp\/v2\/types\/page"}],"author":[{"embeddable":true,"href":"https:\/\/sagadrvo.rs\/index.php\/wp-json\/wp\/v2\/users\/1"}],"replies":[{"embeddable":true,"href":"https:\/\/sagadrvo.rs\/index.php\/wp-json\/wp\/v2\/comments?post=525"}],"version-history":[{"count":55,"href":"https:\/\/sagadrvo.rs\/index.php\/wp-json\/wp\/v2\/pages\/525\/revisions"}],"predecessor-version":[{"id":3689,"href":"https:\/\/sagadrvo.rs\/index.php\/wp-json\/wp\/v2\/pages\/525\/revisions\/3689"}],"wp:attachment":[{"href":"https:\/\/sagadrvo.rs\/index.php\/wp-json\/wp\/v2\/media?parent=525"}],"curies":[{"name":"wp","href":"https:\/\/api.w.org\/{rel}","templated":true}]}}