{"id":3321,"date":"2021-06-04T10:31:41","date_gmt":"2021-06-04T09:31:41","guid":{"rendered":"https:\/\/sagadrvo.rs\/?page_id=3321"},"modified":"2024-04-24T10:32:18","modified_gmt":"2024-04-24T09:32:18","slug":"pocetna","status":"publish","type":"page","link":"https:\/\/sagadrvo.rs\/","title":{"rendered":"."},"content":{"rendered":"<p>[vc_row full_height=&#8221;yes&#8221; content_placement=&#8221;middle&#8221; css_animation=&#8221;none&#8221; bg_type=&#8221;image&#8221; parallax_style=&#8221;vcpb-vz-jquery&#8221; bg_image_new=&#8221;id^3347|url^https:\/\/sagadrvo.rs\/wp-content\/uploads\/2021\/06\/6-1-e1623063418556.jpg|caption^null|alt^null|title^6-1|description^null&#8221; bg_image_repeat=&#8221;no-repeat&#8221; bg_img_attach=&#8221;fixed&#8221; parallax_sense=&#8221;70&#8243; bg_override=&#8221;ex-full&#8221; disable_on_mobile_img_parallax=&#8221;disable_on_mobile_img_parallax_value&#8221; parallax_content=&#8221;parallax_content_value&#8221; parallax_content_sense=&#8221;0&#8243; seperator_enable=&#8221;seperator_enable_value&#8221; seperator_type=&#8221;curve_down_seperator&#8221; seperator_position=&#8221;bottom_seperator&#8221; seperator_shape_background=&#8221;#ffffff&#8221; css=&#8221;.vc_custom_1623398532414{margin-top: 0px !important;}&#8221;][vc_column][\/vc_column][\/vc_row][vc_row][vc_column width=&#8221;1\/4&#8243;]<div id=\"uvc-type-wrap-1005\"  data-ultimate-target='#uvc-type-wrap-1005'  data-responsive-json-new='{\"font-size\":\"desktop:25px;\",\"line-height\":\"\"}'  class=\"uvc-type-wrap  ult-adjust-bottom-margin ult-responsive  uvc-type-align-left  uvc-wrap-10504040816a045c961f118\" style=\"text-align:left;\"><span  data-ultimate-target='#uvc-type-wrap-1005 .mycustfancy'  data-responsive-json-new='{\"font-size\":\"desktop:25px;\",\"line-height\":\"desktop:50px;\"}'  class=\"ultimate-ticker-prefix mycustfancy ult-responsive\" style=\"font-family:&#039;Baumans&#039;;font-weight:700;color:#6f2927; text-transform: unset;\">Podovi od masivnog drveta koji inspiri\u0161u ...<\/span><div id=\"vticker-10504040816a045c961f118\"  data-ultimate-target='#uvc-type-wrap-1005'  data-responsive-json-new='{\"font-size\":\"desktop:25px;\",\"line-height\":\"\"}'  class=\"ultimate-vticker ticker fancytext-background-enabled ultimate-fancy-text-inherit\" style=\"color:#6f2927;background:#ffffff; font-family:&#039;Baumans&#039;;font-weight:normal; text-transform: unset;\"><ul><li style=\"opacity:1\"><\/li><\/ul><\/div><script type=\"text\/javascript\">\r\n\t\t\t\t\t\tjQuery(function($){\r\n\t\t\t\t\t\t\t$(document).ready(function(){\r\n\t\t\t\t\t\t\t\tif( typeof jQuery(\"#vticker-10504040816a045c961f118\").easyTicker == \"function\"){\r\n\t\t\t\t\t\t\t\t\t$(\"#vticker-10504040816a045c961f118\").find(\"li\").css(\"opacity\",\"1\");\r\n\t\t\t\t\t\t\t\t\t\r\n\t\t\t\t\t\t\t\t\t$(\"#vticker-10504040816a045c961f118\").easyTicker({\r\n\t\t\t\t\t\t\t\t\t\tdirection: \"up\",\r\n\t\t\t\t\t\t\t\t\t\teasing: \"swing\",\r\n\t\t\t\t\t\t\t\t\t\tspeed: 200,\r\n\t\t\t\t\t\t\t\t\t\tinterval: ,\r\n\t\t\t\t\t\t\t\t\t\theight: \"auto\",\r\n\t\t\t\t\t\t\t\t\t\tvisible: 1,\r\n\t\t\t\t\t\t\t\t\t\tmousePause: 0,\r\n\t\t\t\t\t\t\t\t\t\tcontrols: {\r\n\t\t\t\t\t\t\t\t\t\t\tup: \"\",\r\n\t\t\t\t\t\t\t\t\t\t\tdown: \"\",\r\n\t\t\t\t\t\t\t\t\t\t\ttoggle: \"\",\r\n\t\t\t\t\t\t\t\t\t\t\tplayText: \"Play\",\r\n\t\t\t\t\t\t\t\t\t\t\tstopText: \"Stop\"\r\n\t\t\t\t\t\t\t\t\t\t}\r\n\t\t\t\t\t\t\t\t\t});\r\n\t\t\t\t\t\t\t\t}\r\n\t\t\t\t\t\t\t});\r\n\t\t\t\t\t\t});\r\n\t\t\t\t\t<\/script><\/div>[\/vc_column][vc_column width=&#8221;3\/4&#8243;][vc_custom_heading text=&#8221;Zdravo, mi smo porodi\u010dna kompanija iz srca ravnog Srema koji obiluje najkvalitetnijim hrastovim \u0161umama u regionu. Svakodnevno vra\u0107amo prirodu u va\u0161 \u017eivotni prostor kroz podove za unutra\u0161nju i spolja\u0161nju upotrebu. Hrast koji je rastao vi\u0161e od jednog veka se prera\u0111uje u Staroj Pazovi u najkvalitetnije podove koji se ugra\u0111uju \u0161irom sveta, od Evrope do Australije. Otkrijte podove koji odi\u0161u \u017eivotom i snagom prirode.&#8221; font_container=&#8221;tag:h1|font_size:18|text_align:justify|color:%236f2927&#8243; google_fonts=&#8221;font_family:Baumans%3Aregular|font_style:400%20regular%3A400%3Anormal&#8221; css_animation=&#8221;fadeIn&#8221; css=&#8221;.vc_custom_1623241639482{margin-top: 80px !important;padding-bottom: 50px !important;}&#8221;][\/vc_column][\/vc_row][vc_row bg_type=&#8221;image&#8221; parallax_style=&#8221;vcpb-default&#8221; bg_image_repeat=&#8221;no-repeat&#8221; bg_override=&#8221;browser_size&#8221; seperator_enable=&#8221;seperator_enable_value&#8221; seperator_type=&#8221;curve_down_seperator&#8221; seperator_position=&#8221;top_bottom_seperator&#8221;][vc_column][vc_custom_heading text=&#8221;BRODSKI POD &amp; PARKET<br \/>\n(gotovi parketi velikih dimenzija)&#8221; font_container=&#8221;tag:h2|font_size:30|text_align:center|color:%236f2927&#8243; google_fonts=&#8221;font_family:Baumans%3Aregular|font_style:400%20regular%3A400%3Anormal&#8221; link=&#8221;url:https%3A%2F%2Fsagadrvo.rs%2Findex.php%2Fpodovi-od-drveta%2F|target:_blank&#8221;][\/vc_column][\/vc_row][vc_row full_width=&#8221;stretch_row_content&#8221; full_height=&#8221;yes&#8221; bg_type=&#8221;image&#8221; parallax_style=&#8221;vcpb-default&#8221; bg_image_new=&#8221;id^3372|url^https:\/\/sagadrvo.rs\/wp-content\/uploads\/2021\/06\/1.jpg|caption^null|alt^null|title^1|description^null&#8221; bg_image_repeat=&#8221;no-repeat&#8221; bg_override=&#8221;ex-full&#8221; seperator_enable=&#8221;seperator_enable_value&#8221; seperator_type=&#8221;curve_down_seperator&#8221; seperator_position=&#8221;top_bottom_seperator&#8221;][vc_column][vc_icon icon_fontawesome=&#8221;fas fa-hand-pointer&#8221; color=&#8221;custom&#8221; background_style=&#8221;rounded-outline&#8221; background_color=&#8221;custom&#8221; size=&#8221;xl&#8221; align=&#8221;center&#8221; css_animation=&#8221;bounceIn&#8221; link=&#8221;url:https%3A%2F%2Fsagadrvo.rs%2Findex.php%2Fpodovi-od-drveta%2F&#8221; custom_color=&#8221;#ff7f00&#8243; custom_background_color=&#8221;#ff7f00&#8243;][\/vc_column][\/vc_row][vc_row bg_type=&#8221;image&#8221; parallax_style=&#8221;vcpb-default&#8221; bg_image_repeat=&#8221;no-repeat&#8221; bg_override=&#8221;browser_size&#8221; seperator_enable=&#8221;seperator_enable_value&#8221; seperator_type=&#8221;curve_down_seperator&#8221; seperator_position=&#8221;top_bottom_seperator&#8221;][vc_column][vc_custom_heading text=&#8221;ZIDNE LAJSNE I SOKLE&#8221; font_container=&#8221;tag:h2|font_size:30|text_align:center|color:%236f2927&#8243; google_fonts=&#8221;font_family:Baumans%3Aregular|font_style:400%20regular%3A400%3Anormal&#8221; link=&#8221;url:https%3A%2F%2Fsagadrvo.rs%2Findex.php%2Flajsne-i-sokle%2F&#8221;][\/vc_column][\/vc_row][vc_row full_width=&#8221;stretch_row_content&#8221; full_height=&#8221;yes&#8221; bg_type=&#8221;image&#8221; parallax_style=&#8221;vcpb-default&#8221; bg_image_new=&#8221;id^3449|url^https:\/\/sagadrvo.rs\/wp-content\/uploads\/2021\/06\/sokla-3.jpg|caption^null|alt^null|title^sokla 3|description^null&#8221; bg_image_repeat=&#8221;no-repeat&#8221; bg_override=&#8221;browser_size&#8221; seperator_enable=&#8221;seperator_enable_value&#8221; seperator_type=&#8221;curve_down_seperator&#8221; seperator_position=&#8221;top_bottom_seperator&#8221;][vc_column][vc_icon icon_fontawesome=&#8221;fas fa-hand-pointer&#8221; color=&#8221;custom&#8221; background_style=&#8221;rounded-outline&#8221; background_color=&#8221;custom&#8221; size=&#8221;xl&#8221; align=&#8221;center&#8221; css_animation=&#8221;bounceInUp&#8221; link=&#8221;url:https%3A%2F%2Fsagadrvo.rs%2Findex.php%2Flajsne-i-sokle%2F&#8221; custom_color=&#8221;#ff7f00&#8243; custom_background_color=&#8221;#ff7f00&#8243;][\/vc_column][\/vc_row][vc_row bg_type=&#8221;image&#8221; parallax_style=&#8221;vcpb-default&#8221; bg_image_repeat=&#8221;no-repeat&#8221; bg_override=&#8221;browser_size&#8221; seperator_enable=&#8221;seperator_enable_value&#8221; seperator_type=&#8221;curve_down_seperator&#8221; seperator_position=&#8221;top_bottom_seperator&#8221;][vc_column][vc_custom_heading text=&#8221;LEPKOVI ZA DRVENE PODOVE&#8221; font_container=&#8221;tag:h2|font_size:30|text_align:center|color:%236f2927&#8243; google_fonts=&#8221;font_family:Baumans%3Aregular|font_style:400%20regular%3A400%3Anormal&#8221; link=&#8221;url:https%3A%2F%2Fsagadrvo.rs%2Findex.php%2Flepkovi%2F&#8221;][\/vc_column][\/vc_row][vc_row full_width=&#8221;stretch_row_content&#8221; full_height=&#8221;yes&#8221; bg_type=&#8221;image&#8221; parallax_style=&#8221;vcpb-default&#8221; bg_image_new=&#8221;id^3453|url^https:\/\/sagadrvo.rs\/wp-content\/uploads\/2021\/06\/Ugradnja-podova-scaled.jpg|caption^null|alt^null|title^Ugradnja podova|description^null&#8221; bg_image_repeat=&#8221;no-repeat&#8221; bg_override=&#8221;browser_size&#8221; seperator_enable=&#8221;seperator_enable_value&#8221; seperator_type=&#8221;curve_down_seperator&#8221; seperator_position=&#8221;top_bottom_seperator&#8221;][vc_column][vc_icon icon_fontawesome=&#8221;fas fa-hand-pointer&#8221; color=&#8221;custom&#8221; background_style=&#8221;rounded-outline&#8221; background_color=&#8221;custom&#8221; size=&#8221;xl&#8221; align=&#8221;center&#8221; css_animation=&#8221;bounceInUp&#8221; link=&#8221;url:https%3A%2F%2Fsagadrvo.rs%2Findex.php%2Flepkovi%2F&#8221; custom_color=&#8221;#ff7f00&#8243; custom_background_color=&#8221;#ff7f00&#8243;][\/vc_column][\/vc_row]<\/p>\n","protected":false},"excerpt":{"rendered":"<p>[vc_row full_height=&#8221;yes&#8221; content_placement=&#8221;middle&#8221; css_animation=&#8221;none&#8221; bg_type=&#8221;image&#8221; parallax_style=&#8221;vcpb-vz-jquery&#8221; bg_image_new=&#8221;id^3347|url^https:\/\/sagadrvo.rs\/wp-content\/uploads\/2021\/06\/6-1-e1623063418556.jpg|caption^null|alt^null|title^6-1|description^null&#8221; bg_image_repeat=&#8221;no-repeat&#8221; bg_img_attach=&#8221;fixed&#8221; parallax_sense=&#8221;70&#8243; bg_override=&#8221;ex-full&#8221; disable_on_mobile_img_parallax=&#8221;disable_on_mobile_img_parallax_value&#8221; parallax_content=&#8221;parallax_content_value&#8221; parallax_content_sense=&#8221;0&#8243; seperator_enable=&#8221;seperator_enable_value&#8221; seperator_type=&#8221;curve_down_seperator&#8221; seperator_position=&#8221;bottom_seperator&#8221; seperator_shape_background=&#8221;#ffffff&#8221; css=&#8221;.vc_custom_1623398532414{margin-top: 0px !important;}&#8221;][vc_column][\/vc_column][\/vc_row][vc_row][vc_column width=&#8221;1\/4&#8243;][\/vc_column][vc_column width=&#8221;3\/4&#8243;][vc_custom_heading text=&#8221;Zdravo, mi smo porodi\u010dna kompanija iz srca ravnog Srema koji obiluje najkvalitetnijim hrastovim \u0161umama u regionu. Svakodnevno vra\u0107amo prirodu u va\u0161 \u017eivotni prostor kroz podove za unutra\u0161nju i spolja\u0161nju upotrebu. Hrast koji&hellip;<\/p>\n","protected":false},"author":1,"featured_media":0,"parent":0,"menu_order":0,"comment_status":"closed","ping_status":"closed","template":"template-home-full-width.php","meta":{"ngg_post_thumbnail":0,"footnotes":""},"yoast_head":"<!-- This site is optimized with the Yoast SEO plugin v21.4 - https:\/\/yoast.com\/wordpress\/plugins\/seo\/ -->\n<title>HRASTOV PARKET &amp; HRASTOV BRODSKI POD &#8211; SAGA DRVO<\/title>\n<meta name=\"description\" content=\"Saga drvo je, ve\u0107 vi\u0161e od dve decenije, jedan od najrenomiranijih proizvo\u0111a\u010da visoko kvalitetnog hrastovog parketa i hrastovog brodskog poda u Srbiji. Na\u0161u reputaciju smo izgradili zahvaljuju\u0107i kontstantnoj i strogoj kontroli kvaliteta, pa\u017eljivom izboru sirovine, striktnom vo\u0111enju proizvodnog procesa i ispunjavanju rokova isporuke sa ciljem da zadovoljimo visoka o\u010dekivanja na\u0161ih klijenata. Na\u0161i kontrolori kvaliteta specijalizovani za oblast prerade drveta nadgledaju svaku fazu proizvodnje, od sirovinskog materijala do finalnog proizvoda \u0161to garantuje ujedna\u010den kvalitet proizvoda. Kompletan proizvodni proces je u potpunosti uskla\u0111en sa najvi\u0161im zahtevima tr\u017ei\u0161ta Evropske unije. Sirovina se dobija iz obli\u017enjeg regiona, koji je poznat po kvalitetu hrastovih trupaca.\" \/>\n<meta name=\"robots\" content=\"index, follow, max-snippet:-1, max-image-preview:large, max-video-preview:-1\" \/>\n<link rel=\"canonical\" href=\"https:\/\/sagadrvo.rs\/\" \/>\n<meta property=\"og:locale\" content=\"en_US\" \/>\n<meta property=\"og:type\" content=\"article\" \/>\n<meta property=\"og:title\" content=\"HRASTOV PARKET &amp; HRASTOV BRODSKI POD &#8211; SAGA DRVO\" \/>\n<meta property=\"og:description\" content=\"Saga drvo je, ve\u0107 vi\u0161e od dve decenije, jedan od najrenomiranijih proizvo\u0111a\u010da visoko kvalitetnog hrastovog parketa i hrastovog brodskog poda u Srbiji. Na\u0161u reputaciju smo izgradili zahvaljuju\u0107i kontstantnoj i strogoj kontroli kvaliteta, pa\u017eljivom izboru sirovine, striktnom vo\u0111enju proizvodnog procesa i ispunjavanju rokova isporuke sa ciljem da zadovoljimo visoka o\u010dekivanja na\u0161ih klijenata. Na\u0161i kontrolori kvaliteta specijalizovani za oblast prerade drveta nadgledaju svaku fazu proizvodnje, od sirovinskog materijala do finalnog proizvoda \u0161to garantuje ujedna\u010den kvalitet proizvoda. Kompletan proizvodni proces je u potpunosti uskla\u0111en sa najvi\u0161im zahtevima tr\u017ei\u0161ta Evropske unije. Sirovina se dobija iz obli\u017enjeg regiona, koji je poznat po kvalitetu hrastovih trupaca.\" \/>\n<meta property=\"og:url\" content=\"https:\/\/sagadrvo.rs\/\" \/>\n<meta property=\"og:site_name\" content=\"SAGA DRVO\" \/>\n<meta property=\"article:modified_time\" content=\"2024-04-24T09:32:18+00:00\" \/>\n<meta name=\"twitter:card\" content=\"summary_large_image\" \/>\n<meta name=\"twitter:label1\" content=\"Est. reading time\" \/>\n\t<meta name=\"twitter:data1\" content=\"2 minutes\" \/>\n<script type=\"application\/ld+json\" class=\"yoast-schema-graph\">{\"@context\":\"https:\/\/schema.org\",\"@graph\":[{\"@type\":\"WebPage\",\"@id\":\"https:\/\/sagadrvo.rs\/\",\"url\":\"https:\/\/sagadrvo.rs\/\",\"name\":\"HRASTOV PARKET & HRASTOV BRODSKI POD &#8211; SAGA DRVO\",\"isPartOf\":{\"@id\":\"https:\/\/sagadrvo.rs\/#website\"},\"datePublished\":\"2021-06-04T09:31:41+00:00\",\"dateModified\":\"2024-04-24T09:32:18+00:00\",\"description\":\"Saga drvo je, ve\u0107 vi\u0161e od dve decenije, jedan od najrenomiranijih proizvo\u0111a\u010da visoko kvalitetnog hrastovog parketa i hrastovog brodskog poda u Srbiji. Na\u0161u reputaciju smo izgradili zahvaljuju\u0107i kontstantnoj i strogoj kontroli kvaliteta, pa\u017eljivom izboru sirovine, striktnom vo\u0111enju proizvodnog procesa i ispunjavanju rokova isporuke sa ciljem da zadovoljimo visoka o\u010dekivanja na\u0161ih klijenata. Na\u0161i kontrolori kvaliteta specijalizovani za oblast prerade drveta nadgledaju svaku fazu proizvodnje, od sirovinskog materijala do finalnog proizvoda \u0161to garantuje ujedna\u010den kvalitet proizvoda. Kompletan proizvodni proces je u potpunosti uskla\u0111en sa najvi\u0161im zahtevima tr\u017ei\u0161ta Evropske unije. Sirovina se dobija iz obli\u017enjeg regiona, koji je poznat po kvalitetu hrastovih trupaca.\",\"breadcrumb\":{\"@id\":\"https:\/\/sagadrvo.rs\/#breadcrumb\"},\"inLanguage\":\"en-US\",\"potentialAction\":[{\"@type\":\"ReadAction\",\"target\":[\"https:\/\/sagadrvo.rs\/\"]}]},{\"@type\":\"BreadcrumbList\",\"@id\":\"https:\/\/sagadrvo.rs\/#breadcrumb\",\"itemListElement\":[{\"@type\":\"ListItem\",\"position\":1,\"name\":\"Home\",\"item\":\"https:\/\/sagadrvo.rs\/\"},{\"@type\":\"ListItem\",\"position\":2,\"name\":\".\"}]},{\"@type\":\"WebSite\",\"@id\":\"https:\/\/sagadrvo.rs\/#website\",\"url\":\"https:\/\/sagadrvo.rs\/\",\"name\":\"SAGA DRVO\",\"description\":\"Only solid hardwood flooring\",\"publisher\":{\"@id\":\"https:\/\/sagadrvo.rs\/#organization\"},\"potentialAction\":[{\"@type\":\"SearchAction\",\"target\":{\"@type\":\"EntryPoint\",\"urlTemplate\":\"https:\/\/sagadrvo.rs\/?s={search_term_string}\"},\"query-input\":\"required name=search_term_string\"}],\"inLanguage\":\"en-US\"},{\"@type\":\"Organization\",\"@id\":\"https:\/\/sagadrvo.rs\/#organization\",\"name\":\"Saga drvo d.o.o. Beograd\",\"url\":\"https:\/\/sagadrvo.rs\/\",\"logo\":{\"@type\":\"ImageObject\",\"inLanguage\":\"en-US\",\"@id\":\"https:\/\/sagadrvo.rs\/#\/schema\/logo\/image\/\",\"url\":\"https:\/\/sagadrvo.rs\/wp-content\/uploads\/2019\/12\/Logo-za-sajt-za-mobilni.png\",\"contentUrl\":\"https:\/\/sagadrvo.rs\/wp-content\/uploads\/2019\/12\/Logo-za-sajt-za-mobilni.png\",\"width\":33,\"height\":33,\"caption\":\"Saga drvo d.o.o. Beograd\"},\"image\":{\"@id\":\"https:\/\/sagadrvo.rs\/#\/schema\/logo\/image\/\"}}]}<\/script>\n<!-- \/ Yoast SEO plugin. -->","yoast_head_json":{"title":"HRASTOV PARKET & HRASTOV BRODSKI POD &#8211; SAGA DRVO","description":"Saga drvo je, ve\u0107 vi\u0161e od dve decenije, jedan od najrenomiranijih proizvo\u0111a\u010da visoko kvalitetnog hrastovog parketa i hrastovog brodskog poda u Srbiji. Na\u0161u reputaciju smo izgradili zahvaljuju\u0107i kontstantnoj i strogoj kontroli kvaliteta, pa\u017eljivom izboru sirovine, striktnom vo\u0111enju proizvodnog procesa i ispunjavanju rokova isporuke sa ciljem da zadovoljimo visoka o\u010dekivanja na\u0161ih klijenata. Na\u0161i kontrolori kvaliteta specijalizovani za oblast prerade drveta nadgledaju svaku fazu proizvodnje, od sirovinskog materijala do finalnog proizvoda \u0161to garantuje ujedna\u010den kvalitet proizvoda. Kompletan proizvodni proces je u potpunosti uskla\u0111en sa najvi\u0161im zahtevima tr\u017ei\u0161ta Evropske unije. Sirovina se dobija iz obli\u017enjeg regiona, koji je poznat po kvalitetu hrastovih trupaca.","robots":{"index":"index","follow":"follow","max-snippet":"max-snippet:-1","max-image-preview":"max-image-preview:large","max-video-preview":"max-video-preview:-1"},"canonical":"https:\/\/sagadrvo.rs\/","og_locale":"en_US","og_type":"article","og_title":"HRASTOV PARKET & HRASTOV BRODSKI POD &#8211; SAGA DRVO","og_description":"Saga drvo je, ve\u0107 vi\u0161e od dve decenije, jedan od najrenomiranijih proizvo\u0111a\u010da visoko kvalitetnog hrastovog parketa i hrastovog brodskog poda u Srbiji. Na\u0161u reputaciju smo izgradili zahvaljuju\u0107i kontstantnoj i strogoj kontroli kvaliteta, pa\u017eljivom izboru sirovine, striktnom vo\u0111enju proizvodnog procesa i ispunjavanju rokova isporuke sa ciljem da zadovoljimo visoka o\u010dekivanja na\u0161ih klijenata. Na\u0161i kontrolori kvaliteta specijalizovani za oblast prerade drveta nadgledaju svaku fazu proizvodnje, od sirovinskog materijala do finalnog proizvoda \u0161to garantuje ujedna\u010den kvalitet proizvoda. Kompletan proizvodni proces je u potpunosti uskla\u0111en sa najvi\u0161im zahtevima tr\u017ei\u0161ta Evropske unije. Sirovina se dobija iz obli\u017enjeg regiona, koji je poznat po kvalitetu hrastovih trupaca.","og_url":"https:\/\/sagadrvo.rs\/","og_site_name":"SAGA DRVO","article_modified_time":"2024-04-24T09:32:18+00:00","twitter_card":"summary_large_image","twitter_misc":{"Est. reading time":"2 minutes"},"schema":{"@context":"https:\/\/schema.org","@graph":[{"@type":"WebPage","@id":"https:\/\/sagadrvo.rs\/","url":"https:\/\/sagadrvo.rs\/","name":"HRASTOV PARKET & HRASTOV BRODSKI POD &#8211; SAGA DRVO","isPartOf":{"@id":"https:\/\/sagadrvo.rs\/#website"},"datePublished":"2021-06-04T09:31:41+00:00","dateModified":"2024-04-24T09:32:18+00:00","description":"Saga drvo je, ve\u0107 vi\u0161e od dve decenije, jedan od najrenomiranijih proizvo\u0111a\u010da visoko kvalitetnog hrastovog parketa i hrastovog brodskog poda u Srbiji. Na\u0161u reputaciju smo izgradili zahvaljuju\u0107i kontstantnoj i strogoj kontroli kvaliteta, pa\u017eljivom izboru sirovine, striktnom vo\u0111enju proizvodnog procesa i ispunjavanju rokova isporuke sa ciljem da zadovoljimo visoka o\u010dekivanja na\u0161ih klijenata. Na\u0161i kontrolori kvaliteta specijalizovani za oblast prerade drveta nadgledaju svaku fazu proizvodnje, od sirovinskog materijala do finalnog proizvoda \u0161to garantuje ujedna\u010den kvalitet proizvoda. Kompletan proizvodni proces je u potpunosti uskla\u0111en sa najvi\u0161im zahtevima tr\u017ei\u0161ta Evropske unije. Sirovina se dobija iz obli\u017enjeg regiona, koji je poznat po kvalitetu hrastovih trupaca.","breadcrumb":{"@id":"https:\/\/sagadrvo.rs\/#breadcrumb"},"inLanguage":"en-US","potentialAction":[{"@type":"ReadAction","target":["https:\/\/sagadrvo.rs\/"]}]},{"@type":"BreadcrumbList","@id":"https:\/\/sagadrvo.rs\/#breadcrumb","itemListElement":[{"@type":"ListItem","position":1,"name":"Home","item":"https:\/\/sagadrvo.rs\/"},{"@type":"ListItem","position":2,"name":"."}]},{"@type":"WebSite","@id":"https:\/\/sagadrvo.rs\/#website","url":"https:\/\/sagadrvo.rs\/","name":"SAGA DRVO","description":"Only solid hardwood flooring","publisher":{"@id":"https:\/\/sagadrvo.rs\/#organization"},"potentialAction":[{"@type":"SearchAction","target":{"@type":"EntryPoint","urlTemplate":"https:\/\/sagadrvo.rs\/?s={search_term_string}"},"query-input":"required name=search_term_string"}],"inLanguage":"en-US"},{"@type":"Organization","@id":"https:\/\/sagadrvo.rs\/#organization","name":"Saga drvo d.o.o. Beograd","url":"https:\/\/sagadrvo.rs\/","logo":{"@type":"ImageObject","inLanguage":"en-US","@id":"https:\/\/sagadrvo.rs\/#\/schema\/logo\/image\/","url":"https:\/\/sagadrvo.rs\/wp-content\/uploads\/2019\/12\/Logo-za-sajt-za-mobilni.png","contentUrl":"https:\/\/sagadrvo.rs\/wp-content\/uploads\/2019\/12\/Logo-za-sajt-za-mobilni.png","width":33,"height":33,"caption":"Saga drvo d.o.o. Beograd"},"image":{"@id":"https:\/\/sagadrvo.rs\/#\/schema\/logo\/image\/"}}]}},"_links":{"self":[{"href":"https:\/\/sagadrvo.rs\/index.php\/wp-json\/wp\/v2\/pages\/3321"}],"collection":[{"href":"https:\/\/sagadrvo.rs\/index.php\/wp-json\/wp\/v2\/pages"}],"about":[{"href":"https:\/\/sagadrvo.rs\/index.php\/wp-json\/wp\/v2\/types\/page"}],"author":[{"embeddable":true,"href":"https:\/\/sagadrvo.rs\/index.php\/wp-json\/wp\/v2\/users\/1"}],"replies":[{"embeddable":true,"href":"https:\/\/sagadrvo.rs\/index.php\/wp-json\/wp\/v2\/comments?post=3321"}],"version-history":[{"count":162,"href":"https:\/\/sagadrvo.rs\/index.php\/wp-json\/wp\/v2\/pages\/3321\/revisions"}],"predecessor-version":[{"id":3682,"href":"https:\/\/sagadrvo.rs\/index.php\/wp-json\/wp\/v2\/pages\/3321\/revisions\/3682"}],"wp:attachment":[{"href":"https:\/\/sagadrvo.rs\/index.php\/wp-json\/wp\/v2\/media?parent=3321"}],"curies":[{"name":"wp","href":"https:\/\/api.w.org\/{rel}","templated":true}]}}